d by 57501.
322
Calculate the remainder when 2117022 is divided by 264.
6
Calculate the remainder when 1722189 is divided by 598.
547
What is the remainder when 942382611 is divided by 28?
23
Calculate the remainder when 34704104 is divided by 1882.
24
Calculate the remainder when 321389 is divided by 774.
179
Calculate the remainder when 1339627 is divided by 216.
211
Calculate the remainder when 99864 is divided by 1204.
1136
What is the remainder when 246925 is divided by 568?
413
Calculate the remainder when 44425799 is divided by 62221.
5
What is the remainder when 308731 is divided by 678?
241
What is the remainder when 1841427 is divided by 132?
27
What is the remainder when 10058 is divided by 2476?
154
Calculate the remainder when 52939336 is divided by 327.
325
Calculate the remainder when 28985602 is divided by 14492795.
12
What is the remainder when 343958722 is divided by 27?
25
Calculate the remainder when 3431359 is divided by 733.
186
Calculate the remainder when 11433491 is divided by 2429.
188
Calculate the remainder when 36472 is divided by 6767.
2637
What is the remainder when 231003 is divided by 119?
24
What is the remainder when 19413918 is divided by 82?
8
What is the remainder when 1693816 is divided by 16444?
84
What is the remainder when 2295344 is divided by 1147652?
40
What is the remainder when 31407 is divided by 2534?
999
What is the remainder when 1092294 is divided by 993?
987
Calculate the remainder when 22314537 is divided by 20.
17
What is the remainder when 407638 is divided by 2737?
2562
What is the remainder when 247916 is divided by 3580?
896
Calculate the remainder when 136523965 is divided by 27777.
10
Calculate the remainder when 7436673 is divided by 2964.
2961
What is the remainder when 48027 is divided by 12006?
3
Calculate the remainder when 1996838 is divided by 1087.
19
What is the remainder when 3807 is divided by 230?
127
What is the remainder when 18027454 is divided by 12?
10
What is the remainder when 49563258 is divided by 164?
162
Calculate the remainder when 60351 is divided by 1588.
7
Calculate the remainder when 11952 is divided by 332.
0
What is the remainder when 864887 is divided by 630?
527
What is the remainder when 71092216 is divided by 93?
40
Calculate the remainder when 549357 is divided by 197.
121
Calculate the remainder when 57042 is divided by 18728.
858
What is the remainder when 296665 is divided by 4299?
34
Calculate the remainder when 59175 is divided by 1069.
380
What is the remainder when 6313596 is divided by 22?
14
Calculate the remainder when 1844090 is divided by 230511.
2
Calculate the remainder when 388313998 is divided by 4230.
4228
What is the remainder when 19427259 is divided by 37?
2
Calculate the remainder when 12747155 is divided by 76790.
15
Calculate the remainder when 1841952 is divided by 108348.
36
What is the remainder when 1034810 is divided by 344748?
566
Calculate the remainder when 10551 is divided by 10113.
438
Calculate the remainder when 464376 is divided by 232056.
264
What is the remainder when 4885067 is divided by 78?
5
What is the remainder when 17460974 is divided by 546?
440
What is the remainder when 1179737 is divided by 1179675?
62
Calculate the remainder when 605723 is divided by 23038.
6735
What is the remainder when 43798879 is divided by 40?
39
What is the remainder when 10245 is divided by 2565?
2550
Calculate the remainder when 377474 is divided by 53.
8
What is the remainder when 400532 is divided by 396606?
3926
Calculate the remainder when 8224 is divided by 1596.
244
What is the remainder when 2302059 is divided by 1151029?
1
Calculate the remainder when 80914851 is divided by 223.
193
Calculate the remainder when 21095 is divided by 119.
32
What is the remainder when 456251 is divided by 11?
4
What is the remainder when 109213 is divided by 69?
55
Calculate the remainder when 1240907 is divided by 1240774.
133
Calculate the remainder when 7502 is divided by 266.
54
Calculate the remainder when 201842 is divided by 28803.
221
Calculate the remainder when 10512 is divided by 268.
60
What is the remainder when 371534 is divided by 1555?
1444
Calculate the remainder when 3387478 is divided by 7.
3
Calculate the remainder when 734731 is divided by 29388.
31
What is the remainder when 71187400 is divided by 174?
172
Calculate the remainder when 4072337 is divided by 1018084.
1
Calculate the remainder when 137051818 is divided by 33509.
8
What is the remainder when 11085721 is divided by 809?
803
Calculate the remainder when 14813965 is divided by 7.
5
What is the remainder when 6045880 is divided by 3022908?
64
What is the remainder when 953413 is divided by 67?
3
Calculate the remainder when 128480 is divided by 2022.
1094
What is the remainder when 2229560 is divided by 60?
20
What is the remainder when 7606036 is divided by 7399?
7263
Calculate the remainder when 37502 is divided by 18620.
262
Calculate the remainder when 12300 is divided by 9853.
2447
Calculate the remainder when 50891526 is divided by 696.
6
What is the remainder when 2650520 is divided by 1978?
0
Calculate the remainder when 45518 is divided by 22649.
220
Calculate the remainder when 4145073 is divided by 138169.
3
Calculate the remainder when 168976 is divided by 168515.
461
Calculate the remainder when 190714 is divided by 6337.
604
Calculate the remainder when 77829838 is divided by 36.
34
Calculate the remainder when 8040386 is divided by 1771.
46
Calculate the remainder when 39561 is divided by 5603.
340
Calculate the remainder when 6378523 is divided by 28732.
19
Calculate the remainder when 151757 is divided by 419.
79
What is the remainder when 404703 is divided by 870?
153
What is the remainder when 2089779 is divided by 2855?
2774
What is the remainder when 1618983 is divided by 234?
171
Calculate the remainder when 5532608 is divided by 138315.
8
Calculate the remainder when 98731094 is divided by 3460.
3454
Calculate the remainder when 29856536 is divided by 2345.
2341
Calculate the remainder when 20360918 is divided by 1357394.
8
Calculate the remainder when 114286 is divided by 55950.
2386
Calculate the remainder when 6203398 is divided by 150.
148
Calculate the remainder when 123930 is divided by 115752.
8178
Calculate the remainder when 12856827 is divided by 114.
21
Calculate the remainder when 2850058 is divided by 3132.
3070
Calculate the remainder when 15844036 is divided by 411.
397
What is the remainder when 35841840 is divided by 5169?
5163
Calculate the remainder when 1947671 is divided by 649137.
260
Calculate the remainder when 276753690 is divided by 1783.
1779
Calculate the remainder when 18004982 is divided by 19236.
86
Calculate the remainder when 2809835 is divided by 12.
11
What is the remainder when 100970256 is divided by 5609458?
12
Calculate the remainder when 4212778 is divided by 179.
13
Calculate the remainder when 14042924 is divided by 262.
248
Calculate the remainder when 40461 is divided by 1166.
817
Calculate the remainder when 39410352 is divided by 16099.
0
What is the remainder when 56119 is divided by 3223?
1328
Calculate the remainder when 20565145 is divided by 628.
29
Calculate the remainder when 16011941 is divided by 1773.
1751
What is the remainder when 518704 is divided by 3131?
2089
What is the remainder when 22244621 is divided by 6252?
5
Calculate the remainder when 5903544 is divided by 326.
10
What is the remainder when 10445 is divided by 9939?
506
Calculate the remainder when 561798 is divided by 23406.
54
What is the remainder when 680824 is divided by 37819?
82
Calculate the remainder when 2725160 is divided by 55.
20
What is the remainder when 146395572 is divided by 1035?
1032
Calculate the remainder when 4563605 is divided by 268.
101
Calculate the remainder when 392454 is divided by 474.
456
What is the remainder when 282998793 is divided by 111373?
0
Calculate the remainder when 644429816 is divided by 258.
254
Calculate the remainder when 51473 is divided by 10035.
1298
Calculate the remainder when 103796 is divided by 1961.
1824
Calculate the remainder when 20547043 is divided by 372.
367
Calculate the remainder when 1653896 is divided by 206735.
16
What is the remainder when 18